9?
1
What is the ten thousands digit of 2576749?
7
What is the ten thousands digit of 536492?
3
What is the hundred thousands digit of 122269?
1
What is the units digit of 168612?
2
What is the thousands digit of 86846?
6
What is the units digit of 311321?
1
What is the millions digit of 2308009?
2
What is the millions digit of 8762176?
8
What is the thousands digit of 2784024?
4
What is the tens digit of 17819?
1
What is the ten thousands digit of 25788?
2
What is the hundreds digit of 5340178?
1
What is the hundred thousands digit of 337949?
3
What is the ten thousands digit of 388107?
8
What is the tens digit of 114742?
4
What is the thousands digit of 250953?
0
What is the hundred thousands digit of 2522398?
5
What is the tens digit of 26122973?
7
What is the units digit of 218652?
2
What is the units digit of 11818830?
0
What is the millions digit of 1120792?
1
What is the thousands digit of 3846?
3
What is the units digit of 1805349?
9
What is the units digit of 520004?
4
What is the units digit of 6090000?
0
What is the tens digit of 7182618?
1
What is the thousands digit of 2305892?
5
What is the hundreds digit of 5595532?
5
What is the units digit of 16822?
2
What is the hundreds digit of 867136?
1
What is the hundred thousands digit of 1155043?
1
What is the units digit of 88990?
0
What is the ten thousands digit of 178495?
7
What is the units digit of 2017878?
8
What is the ten thousands digit of 567687?
6
What is the millions digit of 10745313?
0
What is the ten thousands digit of 1183122?
8
What is the ten thousands digit of 1918517?
1
What is the thousands digit of 101335?
1
What is the ten thousands digit of 270882?
7
What is the hundreds digit of 6250730?
7
What is the ten thousands digit of 115757?
1
What is the ten thousands digit of 251458?
5
What is the units digit of 1407537?
7
What is the units digit of 100841?
1
What is the units digit of 893009?
9
What is the units digit of 20491?
1
What is the tens digit of 1574077?
7
What is the ten thousands digit of 18778910?
7
What is the hundred thousands digit of 786530?
7
What is the tens digit of 8183080?
8
What is the hundred thousands digit of 14986954?
9
What is the units digit of 25301859?
9
What is the thousands digit of 2423009?
3
What is the hundred thousands digit of 3361605?
3
What is the hundreds digit of 2654433?
4
What is the thousands digit of 29165546?
5
What is the units digit of 114608?
8
What is the hundred thousands digit of 1593325?
5
What is the tens digit of 880520?
2
What is the hundreds digit of 183810?
8
What is the tens digit of 4681493?
9
What is the ten thousands digit of 6095204?
9
What is the units digit of 288384?
4
What is the tens digit of 5619051?
5
What is the hundreds digit of 917028?
0
What is the hundreds digit of 631178?
1
What is the tens digit of 66742?
4
What is the tens digit of 397275?
7
What is the tens digit of 18586566?
6
What is the hundreds digit of 7281082?
0
What is the units digit of 16832134?
4
What is the thousands digit of 5576137?
6
What is the units digit of 1741276?
6
What is the millions digit of 9214010?
9
What is the millions digit of 12180073?
2
What is the millions digit of 3903428?
3
What is the units digit of 12004610?
0
What is the hundred thousands digit of 1751954?
7
What is the hundreds digit of 2914763?
7
What is the hundreds digit of 209133?
1
What is the hundreds digit of 37862687?
6
What is the units digit of 780747?
7
What is the hundred thousands digit of 2139966?
1
What is the hundred thousands digit of 11225359?
2
What is the tens digit of 864003?
0
What is the ten thousands digit of 244258?
4
What is the hundred thousands digit of 133331?
1
What is the ten thousands digit of 1551180?
5
What is the millions digit of 7584198?
7
What is the thousands digit of 92600?
2
What is the ten thousands digit of 13255839?
5
What is the thousands digit of 6631394?
1
What is the hundred thousands digit of 15773672?
7
What is the ten thousands digit of 651697?
5
What is the ten thousands digit of 15327487?
2
What is the thousands digit of 3756949?
6
What is the ten thousands digit of 517446?
1
What is the ten thousands digit of 220394?
2
What is the thousands digit of 1478457?
8
What is the millions digit of 3196105?
3
What is the hundred thousands digit of 29577886?
5
What is the thousands digit of 1497682?
7
What is the tens digit of 2005460?
6
What is the millions digit of 8484762?
8
What is the hundreds digit of 199815?
8
What is the thousands digit of 3301679?
1
What is the hundreds digit of 1412405?
4
What is the hundreds digit of 272820?
8
What is the ten thousands digit of 250991?
5
What is the ten thousands digit of 1351165?
5
What is the tens digit of 1409775?
7
What is the thousands digit of 4143668?
3
What is the hundred thousands digit of 132012?
1
What is the units digit of 344960?
0
What is the tens digit of 1097767?
6
What is the units digit of 2842613?
3
What is the tens digit of 343910?
1
What is the units digit of 8236065?
5
What is the tens digit of 187954?
5
What is the ten thousands digit of 4686306?
8
What is the thousands digit of 67002?
7
What is the hundred thousands digit of 10786938?
7
What is the millions digit of 3446840?
3
What is the hundreds digit of 19623156?
1
What is the ten thousands digit of 1756906?
5
What is the tens digit of 2710151?
5
What is the tens digit of 8484?
8
What is the thousands digit of 1503509?
3
What is the tens digit of 15336917?
1
What is the ten thousands digit of 3630778?
3
What is the thousands digit of 497584?
7
What is the tens digit of 1945551?
5
What is the hundreds digit of 964735?
7
What is the ten thousands digit of 38898?
3
What is the hundreds digit of 5925516?
5
What is the hundreds digit of 19412291?
2
What is the tens digit of 74008?
0
What is the hundreds digit of 99369?
3
What is the ten thousands digit of 1335012?
3
What is the hundred thousands digit of 385819?
3
What is the millions digit of 7483567?
7
What is the tens digit of 3401843?
4
What is the hundreds digit of 6285128?
1
What is the millions digit of 3979904?
3
What is the tens digit of 4176?
7
What is the units digit of 31630958?
8
What is the units digit of 187425?
5
What is the hundreds digit of 18217740?
7
What is the hundred thousands digit of 4028814?
0
What is the tens digit of 8798702?
0
What is the tens digit of 297949?
4
What is the hundreds digit of 544507?
5
What is the hundreds digit of 18769?
7
What is the hundred thousands digit of 172639?
1
What is the tens digit of 302078?
7
What is the ten thousands digit of 2298394?
9
What is the hundreds digit of 273799?
7
What is the ten thousands digit of 2865936?
6
What is the tens digit of 637655?
5
What is the ten millions digit of 16583665?
1
What is the thousands digit of 735237?
5
What is the tens digit of 159163?
6
What is the thousands digit of 14272265?
2
What is the hundred thousands digit of 13289137?
2
What is the hundreds digit of 551173?
1
What is the hundreds digit of 2197206?
2
What is the thousands digit of 2258945?
8
What is the units digit of 7149136?
6
What is the hundreds digit of 1864984?
9
What is the millions digit of 1274733?
1
What is the ten thousands digit of 1964144?
6
What is the hundreds digit of 1033822?
8
What is the thousands digit of 131290?
1
What is the hundred thousands digit of 8477726?
4
What is the hundreds digit of 42560?
5
What is the tens digit of 231210?
1
What is the tens digit of 1793237?
3
What is the units digit of 1063630?
0
What is the thousands digit of 6401790?
1
What is the thousands digit of 9380702?
0
What is the hundred thousands digit of 209597?
2
What is the units digit of 123059?
9
What is the thousands digit of 23225?
3
What is the hundred thousands digit of 368864?
3
What is the hundred thousands digit of 5576217?
5
What is the hundreds digit of 10440116?
1
What is the tens digit of 13309084?
8
What is the hundreds digit of 3297281?
2
What is the tens digit of 5317146?
4
What is the ten thousands digit of 246538?
4
What is the ten thousands digit of 12532629?
3
What is the ten thousands digit of 205359?
0
What is the ten thousands digit of 24006509?
0
What is the thousands digit of 953080?
3
What is the tens digit of 110847?
4
What is the tens digit of 277812?
1
